Calculate 32 + -10 + -18 + 0.
4
What is -12 - ((7 - (-11 - -11)) + -4)?
-15
What is -101 - -99 - (2 - 2)?
-2
What is the value of -3 + 4 + 4 - (2 + 11)?
-8
What is -1 + 4 - (1 + (9 - -1))?
-8
What is -9 + 1 + -10 + (-1 - -2) + 8?
-9
Calculate 1 + -2 - (-367 - -379).
-13
What is the value of -1 + -2 - (-153 + 143)?
7
What is the value of 51 + -45 + (-15 - 0) + -5?
-14
Evaluate (-14 - -2) + 30 + -22 - (6 + -2).
-8
Calculate 13 - ((22 - 21) + (0 - -2)).
10
Calculate (-15 - 16) + 9 + 16 - 17.
-23
-1 + (3 + (10 - 6) - (8 + 1))
-3
What is the value of 12 - (0 + 6) - (3 - -1) - -9?
11
Evaluate 1 - (1 + -7 + (4 - (4 + -11))).
-4
What is 18 - (-5 - -7 - -7) - 3?
6
Evaluate -5 - (-14 + -2 + 8 - -14).
-11
Evaluate -13 + 1 + -1 + (-12 - -4) + 12.
-9
Calculate 29 + -27 + 10 + -11.
1
What is the value of -23 + (-270 - -266 - (0 - 1))?
-26
Evaluate (8 - 19) + -1 - -3.
-9
5 + (1 + -10 - (-57 - -48))
5
What is the value of -34 - ((5 - 3 - 12) + -157 + 160)?
-27
11 + (11 + -22 - -22 - 11)
11
What is (34 - 33) + (-18 - 1) + 8?
-10
23 - 6 - (-19 + 17 - 10)
29
Evaluate 10 + (27 - 8) + -15.
14
What is the value of -2 + (-8 - -19) + -2 + 5?
12
What is the value of (-12 - 6 - -5) + (7 - (4 + -2))?
-8
What is the value of 15 + (1 - 7 - 10)?
-1
Evaluate 2448 + -2467 + (-1 - -1) + 1 + -1.
-19
What is the value of 23 - (-3 + 1 - -11 - (-126 - -124))?
12
What is -3 - -2 - (-1 + -4 + (144 - 138))?
-2
Evaluate (-10 - -1 - -6) + 7 - 1.
3
Calculate -92 + 105 - (27 - -2).
-16
Calculate 18 + 1 + -2 + -4.
13
What is 15 + -10 + -14 - -2?
-7
What is (-12 - -37) + 1 + 1 + -5?
22
Calculate 2 - (8 + 13 + -6).
-13
What is the value of -16 - -12 - (-1 + (-4 - -1)) - 3?
-3
What is the value of (-4 - (-1 - 2)) + -19?
-20
11 + 1 + 12 - -5
29
What is the value of -19 - (-11 - (-36 + 19))?
-25
What is -23 + 2 + -3 - -2?
-22
What is 19 - (-4 - (32 - 31 - (14 + -1)))?
11
What is the value of (-567 - -549) + 1 + -1 + -7?
-25
Calculate (-1 - -1) + (-2 - -1) + (-8 - -2).
-7
Calculate -2 + ((6 - 19) + 5 - -3) + 1.
-6
Calculate 3 + -2 - (-17 + 4).
14
Calculate -21 + 5 - (-4 + 1).
-13
Evaluate -24 + -13 + (-16 - (-9 - 33)).
-11
Calculate -7 + (-34 - (-50 + 18)).
-9
Calculate (5 - (22 + -6) - -9) + 17.
15
What is -968 + 952 - (0 - (1 + 1))?
-14
What is -26 - ((12 - 42) + 30)?
-26
(-2 - -1) + (-4 - -1) - -12
8
What is the value of -2 + 4 + -6 + 16 + -17 - -22?
17
What is the value of -26 + 25 + 2 + 16?
17
What is the value of 10 + -3 + 2 + -3?
6
What is 6 + (3 - 7 - -6) - (-4 - 3)?
15
11 + 0 + -4 + 7 + -6 + -4
4
What is the value of 11 + -2 + -18 + -12 + 12?
-9
Evaluate -1 - (-7 - -11) - (1 - 12 - 2).
8
-44 + 23 + 30 + (2 - 1)
10
Calculate -4 - (2 - 3) - ((-16 - -22) + -2).
-7
Calculate 2 - -9 - (21 + (-31 - -10)).
11
What is the value of -3 - (-10 - (1 - -5 - (24 + -29)))?
18
What is (1 - 15) + (4 - 2) + 11 + -5?
-6
Evaluate -6 - 1 - (-6 + 11 + -1 + 5).
-16
Evaluate 0 + -5 + 18 + -17 + -20 - 0.
-24
What is the value of 0 - (-5 + (-5 - -19)) - (2 - 35)?
24
Calculate -36 + (14 - (18 - 33)).
-7
Evaluate 8 - (10 + -5 + (-17 - -1)).
19
Evaluate 15 - (-15 - -20) - -3.
13
What is the value of -21 + (-15 + 39 - 8)?
-5
What is 16 + (15 - 18) - 15?
-2
What is the value of -89 + 108 + 2 + 5?
26
Evaluate (7 + -16 - -2) + 11.
4
What is the value of (44 - 68) + 32 + -1 + 1 + 5?
13
What is -7 + (7 - (-9 + 12 - -2))?
-5
What is 14 + -6 + (-3 - (-32 + 4))?
33
-8 - (5 - (-8 + 0 + 4))
-17
What is the value of 2 - (-2 + (0 - -11)) - (145 + -164)?
12
Calculate -1 + -2 - (-12 - -14 - 19).
14
What is the value of 13 - (21 - 15 - (4 - (-6 - -8)))?
9
What is -10 + (-31 - (-43 - 5))?
7
Calculate 11 + (35 - 21) + (-19 - 4).
2
Evaluate 10 + -2 - (28 - (2 + 5)).
-13
Calculate (19 - -1) + (147 - 174).
-7
Evaluate 8 + (7 - (-4 + 2 - (18 + -25))).
10
Calculate 134 + -126 - (34 + 2 + -4 - 4).
-20
What is the value of -21 + (14 - 1 - 5)?
-13
Calculate 5 + (5 - -4) - 3 - 18.
-7
Calculate -8 + (-2 - 3) - ((8 - 3) + 0).
-18
What is the value of -6 + ((-40 - -9) + 3 - -8)?
-26
What is 4 - (15 + 35 - 18)?
-28
What is the value of 4 - (2 - -20) - (74 + -120)?
28
Calculate -3002 - -2998 - (0 - 10).
6
(-2 - -16 - 11) + -10
-7
9 + -31 + 29 + 0
7
-13 + (39 - (76 - 15))
-35
Calculate -3 - (-10 + 21 + 8).
-22
Calculate 13 - (-12 + (29 - 2)).
-2
What is the value of 9 + (-15 - 16 - -6)?
-16
What is the value of -3 + (-7 - -3) - (-14 - 1 - 1)?
9
(24 - (-24 + 43)) + (-1 - 17) + 2
-11
Calculate 14 + 7 + -11 - 7.
3
Evaluate -16 + 20 + (-9 - 1) + -7.
-13
Calculate 6 + -14 + (138 - 151).
-21
What is -10 + (-11 + 20 - 14 - 8)?
-23
Calculate 5 + -5 + (-7 - -6) - (-8 - 1).
8
What is (-3 - (4 - 11)) + 7?
11
Calculate -6 + -3 + 5 + (45 - 43).
-2
1 - 6 - (-1 + 8 + -28)
16
Evaluate (1 - 3) + (26 - (3 - -17)).
4
16 + -6 + -15 - (24 + 3)
-32
11 + (-22 - (40 - 33))
-18
What is 310 + -315 + (0 - -17) + (-1 - 2)?
9
What is (7 - 29) + -2 + -9?
-33
Evaluate 2 + ((-2 + -1 - -5) + 15 - 1).
18
What is 4 + (9 - 13) - (-8 + 3 - -2)?
3
-3 + (7 - 1) + (-2 - 1) + -5
-5
1 + -8 + (-1 - 36 - (-75 + 64))
-33
Calculate (21 - 17 - -6) + 5.
15
What is (7 - 18) + -1 + 10 + 12?
10
What is the value of 9 - 41 - -35 - 16?
-13
-3 - (13 - 18 - (20 - 0) - -8)
14
What is the value of (-6 - 15) + -17 + 5?
-33
What is -127 + 112 + (23 - -1)?
9
Calculate 12 + -4 - (11 + -19).
16
What is (-5 - 0) + (7 - 7) + -6?
-11
What is the value of (-28 + 28 - -4) + (10 - 1)?
13
Evaluate 11 - (3 - (-3 + -5)) - 10.
-10
What is -19 + -14 + (20 - 3)?
-16
Calculate -20 - (-5 - (-7 + 15)).
-7
Evaluate 19 - -14 - 15 - 17.
1
Calculate -26 - -10 - ((31 - 13) + -27).
-7
What is -4 + -2 + 1 - -13?
8
Calculate 73 + -76 - (0 + -2) - 8.
-9
Calculate -1 + 4 - (4 + -18 - -9).
8
What is 3 - (1 + (0 + -6 - -7) + 13)?
-12
Calculate -85 - (-86 + (27 - -14)).
-40
What is -1 + (0 - -20 - 5)?
14
What is the value of -5 + (3 - (-26 - -20))?
4
Evaluate -32 - (15 - (-1 + 10 - -10)).
-28
(-4 - (15 - 13)) + 18 + -5
7
Evaluate 20 - ((-22 + -1 - -9) + 31).
3
What is the value of 11 - ((-16 - -20) + -6)?
13
Calculate -8 + (-4 - -12 - (4 - (12 - -1))).
9
Calculate 15 - (5 - -4 - (-5 - -21)).
22
Calculate (-15 + 5 + 0 - -45) + -13.
22
Evaluate 29 - (11 - (4 - 1) - 8).
29
Evaluate -9 - ((-9 - -22) + -19).
-3
Calculate 6 + (8 - (4 + 5 + 13)).
-8
What is (-8 - (-1 - 0)) + (0 - (6 - 3))?
-10
What is the value of 46 + (-9 - (1 - -22))?
14
-13 + (-8 - -18) + 11
8
What is the value of (-5 - (1 - 5)) + 37 + -3?
33
Calculate (0 - 9 - -5 - -24) + -10.
10
What is the value of (-1 - -1) + (8 - 7 - 6)?
-5
What is 1 + -9 - (-46 + 40)?
-2
What is the value of 2 - (1 + -10) - (217 + -206)?
0
What is the value of 14 + (-17 - (-10 - 0))?
7
What is the value of (28 - (25 + -4)) + (1 - 20)?
-12
Evaluate (2 + -3 + 2 - (-27 - -23)) + 6.
11
What is 41 - (-31 + 24 + 28)?
20
What is -2 - (7 + 5 + -13 + -1) - -2?
2
What is the value of -2 - 0 - (16 - 5) - (-1 + 0)?
-12
Calculate -27 + (42 - -7) - 36.
-14
(-8 - (-3 - ((-6 - 2) + 1))) + -7
-19
What is the value of -2 + -1 + (-142 - -143)?
-2
What is 17 + -4 + -18 + 15?
10
Calculate 15 - (-47 + 37 - -9).
16
(10 - 49) + (-3 + 3 - -17)
-22
Calculate (1 - -5) + -44 + 29 + (-2 - 10).
-21
(-24 - (1 + 11)) + 11
-25
What is -22 + 0 - (-73 + 25 + 42)?
-16
Evaluate -52 + 63 + -5 + -3 + 7.
10
What is (-18 - (-15 - -8)) + 7 + (-1 - -1)?
-4
What is (-18 - (-34 + 20)) + (-1 - 5) + -2?
-12
Calculate -13 + (-4 - (-11 - 23)).
17
Evaluate (10 + -1 - (-81 + 73)) + -8.
9
-16 - (7 - (7 - (-10 + 3)))
-9
3 - (8 - 2) - (-5 - (-15 - -5))
-8
What is (-2 - -14 - (-8 + 12)) + -5 + -15?
-12
Evaluate 53 - (60 + 2) - (2 + -11 + 0).
0
What is 0 + 4 + -5 + 12 - (5 - 0)?
6
What is (-8 - -7) + 2 + -4 + -5 - -23?
15
Evaluate 2 + 0 + -4 + 14 + (2 - 24).
-10
What is the value of 21 + (12 + -7 - 21)?
5
What is the value of -6 + (3 + 0 - (-4 + 7 + 6))?
-12
Evaluate (14 + -7 - 9) + -29 - 1.
-32
What is -2 + (3 - (-2 - -5))?
-2
What is the value of 25 + -6 + 9 + -16?
12
Evaluate (4 - 9 - 8) + -1 + 5 + -16.
-25
Evaluate -12 - (1 + -6 - (-5 + (3 - 0))).
-9
(-2 - -2) + 6 + -24 + 19
1
-18 - ((-2 - 11) + 9)
-14
What is the value of -10 - ((-16 - (-11 - 3)) + 5)?
-13
Calculate -43 + 42 - (-3 + 25).
-23
What is the value of -7 - -2 - (-9 - (-1 - -2))?
5
What is -25 + 16 - (1 + (-5 - 2))?
-3
What is the value of 139 + -164 + (-8 - -17)?
-16
What is -6 + -1